{"id":123,"date":"2023-02-08T21:12:23","date_gmt":"2023-02-08T21:12:23","guid":{"rendered":"http:\/\/tingvoll.net\/kirka\/?page_id=123"},"modified":"2023-02-16T06:57:45","modified_gmt":"2023-02-16T06:57:45","slug":"kontakt-contact","status":"publish","type":"page","link":"http:\/\/tingvoll.net\/kirka\/kontakt-contact\/","title":{"rendered":"Kontakt\/contact"},"content":{"rendered":"\n<p>Det er Arve Holmeide som har laget sidene. Han treffes p\u00e5 <a href=\"mailto:holmeide@hotmail.com\" target=\"_blank\" rel=\"noreferrer noopener\">holmeide@hotmail.com<\/a><br>It\u00b4s Arve Holmeide who made this site. You can contact him on <a href=\"mailto:holmeide@hotmail.com\" target=\"_blank\" rel=\"noreferrer noopener\">holmeide@hotmail.com<\/a><br><br>\u00d8nsker du \u00e5 kontakte kirka direkte, kan det gj\u00f8res <a href=\"https:\/\/www.kirken.no\/nb-NO\/fellesrad\/tingvoll\/om%20oss\/kontaktinformasjon\/\">p\u00e5 denne siden<\/a>. <br>If you want to contact the church directly, you+ll find the contact info <a rel=\"noreferrer noopener\" href=\"https:\/\/www.kirken.no\/nb-NO\/fellesrad\/tingvoll\/om%20oss\/kontaktinformasjon\/\" target=\"_blank\">on this site<\/a><br><br>Kirken har ogs\u00e5 en kalender hvor du finner det som skjer. <a rel=\"noreferrer noopener\" href=\"https:\/\/www.kirken.no\/nb-NO\/fellesrad\/tingvoll\/kalender\/\" target=\"_blank\">Den finner<\/a><a href=\"https:\/\/www.kirken.no\/nb-NO\/fellesrad\/tingvoll\/kalender\/\"> du her!<\/a><br>The church has also a calendar, <a rel=\"noreferrer noopener\" href=\"https:\/\/www.kirken.no\/nb-NO\/fellesrad\/tingvoll\/kalender\/\" target=\"_blank\">You\u00b4ll find it here<\/a><a href=\"https:\/\/www.kirken.no\/nb-NO\/fellesrad\/tingvoll\/kalender\/\">!<\/a><\/p>\n","protected":false},"excerpt":{"rendered":"<p>Det er Arve Holmeide som har laget sidene. Han treffes p\u00e5 holmeide@hotmail.comIt\u00b4s Arve Holmeide who made this site. You can contact him on holmeide@hotmail.com \u00d8nsker du \u00e5 kontakte kirka direkte, kan det gj\u00f8res p\u00e5 denne siden. If you want to contact the church directly, you+ll find the contact info on this site Kirken har ogs\u00e5 &#8230; <a title=\"Kontakt\/contact\" class=\"read-more\" href=\"http:\/\/tingvoll.net\/kirka\/kontakt-contact\/\" aria-label=\"Read more about Kontakt\/contact\">Les mer<\/a><\/p>\n","protected":false},"author":1,"featured_media":0,"parent":0,"menu_order":0,"comment_status":"closed","ping_status":"closed","template":"","meta":{"footnotes":""},"class_list":["post-123","page","type-page","status-publish"],"_links":{"self":[{"href":"http:\/\/tingvoll.net\/kirka\/wp-json\/wp\/v2\/pages\/123","targetHints":{"allow":["GET"]}}],"collection":[{"href":"http:\/\/tingvoll.net\/kirka\/wp-json\/wp\/v2\/pages"}],"about":[{"href":"http:\/\/tingvoll.net\/kirka\/wp-json\/wp\/v2\/types\/page"}],"author":[{"embeddable":true,"href":"http:\/\/tingvoll.net\/kirka\/wp-json\/wp\/v2\/users\/1"}],"replies":[{"embeddable":true,"href":"http:\/\/tingvoll.net\/kirka\/wp-json\/wp\/v2\/comments?post=123"}],"version-history":[{"count":3,"href":"http:\/\/tingvoll.net\/kirka\/wp-json\/wp\/v2\/pages\/123\/revisions"}],"predecessor-version":[{"id":328,"href":"http:\/\/tingvoll.net\/kirka\/wp-json\/wp\/v2\/pages\/123\/revisions\/328"}],"wp:attachment":[{"href":"http:\/\/tingvoll.net\/kirka\/wp-json\/wp\/v2\/media?parent=123"}],"curies":[{"name":"wp","href":"https:\/\/api.w.org\/{rel}","templated":true}]}}