{"id":129,"date":"2023-02-08T21:22:19","date_gmt":"2023-02-08T21:22:19","guid":{"rendered":"http:\/\/tingvoll.net\/kirka\/?page_id=129"},"modified":"2023-02-08T21:24:20","modified_gmt":"2023-02-08T21:24:20","slug":"sakristiet","status":"publish","type":"page","link":"http:\/\/tingvoll.net\/kirka\/sakristiet\/","title":{"rendered":"Sakristiet"},"content":{"rendered":"\n<div class=\"wp-block-media-text alignwide is-stacked-on-mobile\"><figure class=\"wp-block-media-text__media\"><img loading=\"lazy\" decoding=\"async\" width=\"640\" height=\"480\" src=\"https:\/\/tingvoll.net\/kirka\/wp-content\/uploads\/2023\/02\/sakresti.jpg\" alt=\"\" class=\"wp-image-130 size-full\" srcset=\"http:\/\/tingvoll.net\/kirka\/wp-content\/uploads\/2023\/02\/sakresti.jpg 640w, http:\/\/tingvoll.net\/kirka\/wp-content\/uploads\/2023\/02\/sakresti-300x225.jpg 300w\" sizes=\"auto, (max-width: 640px) 100vw, 640px\" \/><\/figure><div class=\"wp-block-media-text__content\">\n<p>Dette er sakristiet foran inngangen til koret. Her f\u00e5r presten p\u00e5 seg den hvite messekjortelen og den fargede messehakelen foran gudstjenesten. <br><br>N\u00e5v\u00e6rende sakristi er fra 1929, og er det fjerde i rekken av de en kjenner til. Opprinnelig var det trolig heller ikke noe tilbygg foran korinngangen. Det hindrer da ogs\u00e5 synet av den vakre marmorfrisen over korportalen.<\/p>\n<\/div><\/div>\n","protected":false},"excerpt":{"rendered":"<p>Dette er sakristiet foran inngangen til koret. Her f\u00e5r presten p\u00e5 seg den hvite messekjortelen og den fargede messehakelen foran gudstjenesten. N\u00e5v\u00e6rende sakristi er fra 1929, og er det fjerde i rekken av de en kjenner til. Opprinnelig var det trolig heller ikke noe tilbygg foran korinngangen. Det hindrer da ogs\u00e5 synet av den vakre &#8230; <a title=\"Sakristiet\" class=\"read-more\" href=\"http:\/\/tingvoll.net\/kirka\/sakristiet\/\" aria-label=\"Read more about Sakristiet\">Les mer<\/a><\/p>\n","protected":false},"author":1,"featured_media":0,"parent":0,"menu_order":0,"comment_status":"closed","ping_status":"closed","template":"","meta":{"footnotes":""},"class_list":["post-129","page","type-page","status-publish"],"_links":{"self":[{"href":"http:\/\/tingvoll.net\/kirka\/wp-json\/wp\/v2\/pages\/129","targetHints":{"allow":["GET"]}}],"collection":[{"href":"http:\/\/tingvoll.net\/kirka\/wp-json\/wp\/v2\/pages"}],"about":[{"href":"http:\/\/tingvoll.net\/kirka\/wp-json\/wp\/v2\/types\/page"}],"author":[{"embeddable":true,"href":"http:\/\/tingvoll.net\/kirka\/wp-json\/wp\/v2\/users\/1"}],"replies":[{"embeddable":true,"href":"http:\/\/tingvoll.net\/kirka\/wp-json\/wp\/v2\/comments?post=129"}],"version-history":[{"count":2,"href":"http:\/\/tingvoll.net\/kirka\/wp-json\/wp\/v2\/pages\/129\/revisions"}],"predecessor-version":[{"id":134,"href":"http:\/\/tingvoll.net\/kirka\/wp-json\/wp\/v2\/pages\/129\/revisions\/134"}],"wp:attachment":[{"href":"http:\/\/tingvoll.net\/kirka\/wp-json\/wp\/v2\/media?parent=129"}],"curies":[{"name":"wp","href":"https:\/\/api.w.org\/{rel}","templated":true}]}}

<div class="wp-block-media-text alignwide is-stacked-on-mobile"><figure class="wp-block-media-text__media"><img loading="lazy" decoding="async" width="640" height="480" src="https://tingvoll.net/kirka/wp-content/uploads/2023/02/sakresti.jpg" alt="" class="wp-image-130 size-full" srcset="http://tingvoll.net/kirka/wp-content/uploads/2023/02/sakresti.jpg 640w, http://tingvoll.net/kirka/wp-content/uploads/2023/02/sakresti-300x225.jpg 300w" sizes="auto, (max-width: 640px) 100vw, 640px" /></figure><div class="wp-block-media-text__content">
<p>Dette er sakristiet foran inngangen til koret. Her får presten på seg den hvite messekjortelen og den fargede messehakelen foran gudstjenesten. <br><br>Nåværende sakristi er fra 1929, og er det fjerde i rekken av de en kjenner til. Opprinnelig var det trolig heller ikke noe tilbygg foran korinngangen. Det hindrer da også synet av den vakre marmorfrisen over korportalen.</p>
</div></div>

<p>Dette er sakristiet foran inngangen til koret. Her får presten på seg den hvite messekjortelen og den fargede messehakelen foran gudstjenesten. Nåværende sakristi er fra 1929, og er det fjerde i rekken av de en kjenner til. Opprinnelig var det trolig heller ikke noe tilbygg foran korinngangen. Det hindrer da også synet av den vakre &#8230; <a title="Sakristiet" class="read-more" href="http://tingvoll.net/kirka/sakristiet/" aria-label="Read more about Sakristiet">Les mer</a></p>
