{"id":184,"date":"2023-02-09T13:41:42","date_gmt":"2023-02-09T13:41:42","guid":{"rendered":"http:\/\/tingvoll.net\/kirka\/?page_id=184"},"modified":"2023-02-09T13:41:44","modified_gmt":"2023-02-09T13:41:44","slug":"kalkmaleri","status":"publish","type":"page","link":"http:\/\/tingvoll.net\/kirka\/kalkmaleri\/","title":{"rendered":"Kalkmaleri"},"content":{"rendered":"\n<div class=\"wp-block-media-text alignwide is-stacked-on-mobile\"><figure class=\"wp-block-media-text__media\"><img loading=\"lazy\" decoding=\"async\" width=\"452\" height=\"361\" src=\"https:\/\/tingvoll.net\/kirka\/wp-content\/uploads\/2023\/02\/kalkmal.jpg\" alt=\"\" class=\"wp-image-185 size-full\" srcset=\"http:\/\/tingvoll.net\/kirka\/wp-content\/uploads\/2023\/02\/kalkmal.jpg 452w, http:\/\/tingvoll.net\/kirka\/wp-content\/uploads\/2023\/02\/kalkmal-300x240.jpg 300w\" sizes=\"auto, (max-width: 452px) 100vw, 452px\" \/><\/figure><div class=\"wp-block-media-text__content\">\n<p>I katolsk tid har veggene i skipet v\u00e6rt utsmykket med kalkmalerier som det n\u00e5 er vanskelig \u00e5 f\u00e5 st\u00f8rre rede p\u00e5. Dette er fra maleriet ved prekestolen. Over bildet st\u00e5r: Riddare St. Jurian &#8211; Drekan (Ridderen St. Jurian dreper dragen) Dragen var symbol for det vonde. Ridderen b\u00e6rer ogs\u00e5 navnet St. Georg og er bl.a. skytshelgen for speiderne. P\u00e5 veggene b\u00e5de i skip og kor er det vigselsmerker &#8211; ringer med kors i &#8211; til minne om at kirken i sin tid ble vigslet av biskopen i Nidaros.<\/p>\n<\/div><\/div>\n","protected":false},"excerpt":{"rendered":"<p>I katolsk tid har veggene i skipet v\u00e6rt utsmykket med kalkmalerier som det n\u00e5 er vanskelig \u00e5 f\u00e5 st\u00f8rre rede p\u00e5. Dette er fra maleriet ved prekestolen. Over bildet st\u00e5r: Riddare St. Jurian &#8211; Drekan (Ridderen St. Jurian dreper dragen) Dragen var symbol for det vonde. Ridderen b\u00e6rer ogs\u00e5 navnet St. Georg og er bl.a. &#8230; <a title=\"Kalkmaleri\" class=\"read-more\" href=\"http:\/\/tingvoll.net\/kirka\/kalkmaleri\/\" aria-label=\"Read more about Kalkmaleri\">Les mer<\/a><\/p>\n","protected":false},"author":1,"featured_media":0,"parent":0,"menu_order":0,"comment_status":"closed","ping_status":"closed","template":"","meta":{"footnotes":""},"class_list":["post-184","page","type-page","status-publish"],"_links":{"self":[{"href":"http:\/\/tingvoll.net\/kirka\/wp-json\/wp\/v2\/pages\/184","targetHints":{"allow":["GET"]}}],"collection":[{"href":"http:\/\/tingvoll.net\/kirka\/wp-json\/wp\/v2\/pages"}],"about":[{"href":"http:\/\/tingvoll.net\/kirka\/wp-json\/wp\/v2\/types\/page"}],"author":[{"embeddable":true,"href":"http:\/\/tingvoll.net\/kirka\/wp-json\/wp\/v2\/users\/1"}],"replies":[{"embeddable":true,"href":"http:\/\/tingvoll.net\/kirka\/wp-json\/wp\/v2\/comments?post=184"}],"version-history":[{"count":1,"href":"http:\/\/tingvoll.net\/kirka\/wp-json\/wp\/v2\/pages\/184\/revisions"}],"predecessor-version":[{"id":186,"href":"http:\/\/tingvoll.net\/kirka\/wp-json\/wp\/v2\/pages\/184\/revisions\/186"}],"wp:attachment":[{"href":"http:\/\/tingvoll.net\/kirka\/wp-json\/wp\/v2\/media?parent=184"}],"curies":[{"name":"wp","href":"https:\/\/api.w.org\/{rel}","templated":true}]}}

<div class="wp-block-media-text alignwide is-stacked-on-mobile"><figure class="wp-block-media-text__media"><img loading="lazy" decoding="async" width="452" height="361" src="https://tingvoll.net/kirka/wp-content/uploads/2023/02/kalkmal.jpg" alt="" class="wp-image-185 size-full" srcset="http://tingvoll.net/kirka/wp-content/uploads/2023/02/kalkmal.jpg 452w, http://tingvoll.net/kirka/wp-content/uploads/2023/02/kalkmal-300x240.jpg 300w" sizes="auto, (max-width: 452px) 100vw, 452px" /></figure><div class="wp-block-media-text__content">
<p>I katolsk tid har veggene i skipet vært utsmykket med kalkmalerier som det nå er vanskelig å få større rede på. Dette er fra maleriet ved prekestolen. Over bildet står: Riddare St. Jurian &#8211; Drekan (Ridderen St. Jurian dreper dragen) Dragen var symbol for det vonde. Ridderen bærer også navnet St. Georg og er bl.a. skytshelgen for speiderne. På veggene både i skip og kor er det vigselsmerker &#8211; ringer med kors i &#8211; til minne om at kirken i sin tid ble vigslet av biskopen i Nidaros.</p>
</div></div>

<p>I katolsk tid har veggene i skipet vært utsmykket med kalkmalerier som det nå er vanskelig å få større rede på. Dette er fra maleriet ved prekestolen. Over bildet står: Riddare St. Jurian &#8211; Drekan (Ridderen St. Jurian dreper dragen) Dragen var symbol for det vonde. Ridderen bærer også navnet St. Georg og er bl.a. &#8230; <a title="Kalkmaleri" class="read-more" href="http://tingvoll.net/kirka/kalkmaleri/" aria-label="Read more about Kalkmaleri">Les mer</a></p>
