{"id":229,"date":"2023-02-09T13:59:30","date_gmt":"2023-02-09T13:59:30","guid":{"rendered":"http:\/\/tingvoll.net\/kirka\/?page_id=229"},"modified":"2023-02-09T13:59:31","modified_gmt":"2023-02-09T13:59:31","slug":"epitafium-nr-2","status":"publish","type":"page","link":"http:\/\/tingvoll.net\/kirka\/epitafium-nr-2\/","title":{"rendered":"Epitafium nr. 2 \u00a0"},"content":{"rendered":"\n<div class=\"wp-block-media-text alignwide is-stacked-on-mobile\"><figure class=\"wp-block-media-text__media\"><img loading=\"lazy\" decoding=\"async\" width=\"401\" height=\"508\" src=\"https:\/\/tingvoll.net\/kirka\/wp-content\/uploads\/2023\/02\/epitaf2.jpg\" alt=\"\" class=\"wp-image-230 size-full\" srcset=\"http:\/\/tingvoll.net\/kirka\/wp-content\/uploads\/2023\/02\/epitaf2.jpg 401w, http:\/\/tingvoll.net\/kirka\/wp-content\/uploads\/2023\/02\/epitaf2-237x300.jpg 237w\" sizes=\"auto, (max-width: 401px) 100vw, 401px\" \/><\/figure><div class=\"wp-block-media-text__content\">\n<p>\u00c5ret etter &#8211; i 1661 &#8211; gav samme presteparet epitafiet (minnetavlen) p\u00e5 nordveggen i skipet. Treskj\u00e6reren er den samme som laget altertavlen, men bildene er laget av en norsk kunstner. De st\u00f8rste figurene er Adam og Eva etter syndefallet. Symbolfigurene for h\u00e5p og tro er med her ogs\u00e5. <br><br>P\u00e5 toppen st\u00e5r en pelikan som hakker seg selv til blods i brystet etter n\u00e6ring for ungene sine &#8211; symbolet for offertanken. Motivene for bildene er sjelen sin lengsel mot himmelen og Kristi forsoning, som ogs\u00e5 er klarlagt med skriftord under.<\/p>\n<\/div><\/div>\n","protected":false},"excerpt":{"rendered":"<p>\u00c5ret etter &#8211; i 1661 &#8211; gav samme presteparet epitafiet (minnetavlen) p\u00e5 nordveggen i skipet. Treskj\u00e6reren er den samme som laget altertavlen, men bildene er laget av en norsk kunstner. De st\u00f8rste figurene er Adam og Eva etter syndefallet. Symbolfigurene for h\u00e5p og tro er med her ogs\u00e5. P\u00e5 toppen st\u00e5r en pelikan som hakker &#8230; <a title=\"Epitafium nr. 2 \u00a0\" class=\"read-more\" href=\"http:\/\/tingvoll.net\/kirka\/epitafium-nr-2\/\" aria-label=\"Read more about Epitafium nr. 2 \u00a0\">Les mer<\/a><\/p>\n","protected":false},"author":1,"featured_media":0,"parent":0,"menu_order":0,"comment_status":"closed","ping_status":"closed","template":"","meta":{"footnotes":""},"class_list":["post-229","page","type-page","status-publish"],"_links":{"self":[{"href":"http:\/\/tingvoll.net\/kirka\/wp-json\/wp\/v2\/pages\/229","targetHints":{"allow":["GET"]}}],"collection":[{"href":"http:\/\/tingvoll.net\/kirka\/wp-json\/wp\/v2\/pages"}],"about":[{"href":"http:\/\/tingvoll.net\/kirka\/wp-json\/wp\/v2\/types\/page"}],"author":[{"embeddable":true,"href":"http:\/\/tingvoll.net\/kirka\/wp-json\/wp\/v2\/users\/1"}],"replies":[{"embeddable":true,"href":"http:\/\/tingvoll.net\/kirka\/wp-json\/wp\/v2\/comments?post=229"}],"version-history":[{"count":1,"href":"http:\/\/tingvoll.net\/kirka\/wp-json\/wp\/v2\/pages\/229\/revisions"}],"predecessor-version":[{"id":231,"href":"http:\/\/tingvoll.net\/kirka\/wp-json\/wp\/v2\/pages\/229\/revisions\/231"}],"wp:attachment":[{"href":"http:\/\/tingvoll.net\/kirka\/wp-json\/wp\/v2\/media?parent=229"}],"curies":[{"name":"wp","href":"https:\/\/api.w.org\/{rel}","templated":true}]}}