{"id":239,"date":"2023-02-09T14:03:00","date_gmt":"2023-02-09T14:03:00","guid":{"rendered":"http:\/\/tingvoll.net\/kirka\/?page_id=239"},"modified":"2023-02-09T14:03:02","modified_gmt":"2023-02-09T14:03:02","slug":"rodegruppen","status":"publish","type":"page","link":"http:\/\/tingvoll.net\/kirka\/rodegruppen\/","title":{"rendered":"Rodegruppen"},"content":{"rendered":"\n<div class=\"wp-block-media-text alignwide is-stacked-on-mobile\"><figure class=\"wp-block-media-text__media\"><img loading=\"lazy\" decoding=\"async\" width=\"278\" height=\"419\" src=\"https:\/\/tingvoll.net\/kirka\/wp-content\/uploads\/2023\/02\/rodegr.jpg\" alt=\"\" class=\"wp-image-240 size-full\" srcset=\"http:\/\/tingvoll.net\/kirka\/wp-content\/uploads\/2023\/02\/rodegr.jpg 278w, http:\/\/tingvoll.net\/kirka\/wp-content\/uploads\/2023\/02\/rodegr-199x300.jpg 199w\" sizes=\"auto, (max-width: 278px) 100vw, 278px\" \/><\/figure><div class=\"wp-block-media-text__content\">\n<p>Denne figurgruppen (rodegruppen som den er kalt) i korbuen &#8211; Kristus p\u00e5 korset med Maria, Jesu mor, og apostelen Joahnnes ved siden, er ogs\u00e5 fra Tausans tid, men betalt av kirkekassen. Fotstykket n\u00e5 har trolig v\u00e6rt toppstykket av en lukket stol. I bakgrunnen ser vi en del av korhvelvingen med stjerner og m\u00e5nesigder. I hj\u00f8rnet, lengst nede p\u00e5 hvelvingen, er det et utydelig bilde av St. Olav med bile (\u00f8ks.).<\/p>\n<\/div><\/div>\n","protected":false},"excerpt":{"rendered":"<p>Denne figurgruppen (rodegruppen som den er kalt) i korbuen &#8211; Kristus p\u00e5 korset med Maria, Jesu mor, og apostelen Joahnnes ved siden, er ogs\u00e5 fra Tausans tid, men betalt av kirkekassen. Fotstykket n\u00e5 har trolig v\u00e6rt toppstykket av en lukket stol. I bakgrunnen ser vi en del av korhvelvingen med stjerner og m\u00e5nesigder. I hj\u00f8rnet, &#8230; <a title=\"Rodegruppen\" class=\"read-more\" href=\"http:\/\/tingvoll.net\/kirka\/rodegruppen\/\" aria-label=\"Read more about Rodegruppen\">Les mer<\/a><\/p>\n","protected":false},"author":1,"featured_media":0,"parent":0,"menu_order":0,"comment_status":"closed","ping_status":"closed","template":"","meta":{"footnotes":""},"class_list":["post-239","page","type-page","status-publish"],"_links":{"self":[{"href":"http:\/\/tingvoll.net\/kirka\/wp-json\/wp\/v2\/pages\/239","targetHints":{"allow":["GET"]}}],"collection":[{"href":"http:\/\/tingvoll.net\/kirka\/wp-json\/wp\/v2\/pages"}],"about":[{"href":"http:\/\/tingvoll.net\/kirka\/wp-json\/wp\/v2\/types\/page"}],"author":[{"embeddable":true,"href":"http:\/\/tingvoll.net\/kirka\/wp-json\/wp\/v2\/users\/1"}],"replies":[{"embeddable":true,"href":"http:\/\/tingvoll.net\/kirka\/wp-json\/wp\/v2\/comments?post=239"}],"version-history":[{"count":1,"href":"http:\/\/tingvoll.net\/kirka\/wp-json\/wp\/v2\/pages\/239\/revisions"}],"predecessor-version":[{"id":241,"href":"http:\/\/tingvoll.net\/kirka\/wp-json\/wp\/v2\/pages\/239\/revisions\/241"}],"wp:attachment":[{"href":"http:\/\/tingvoll.net\/kirka\/wp-json\/wp\/v2\/media?parent=239"}],"curies":[{"name":"wp","href":"https:\/\/api.w.org\/{rel}","templated":true}]}}