{"id":58,"date":"2023-02-08T20:20:20","date_gmt":"2023-02-08T20:20:20","guid":{"rendered":"http:\/\/tingvoll.net\/kirka\/?page_id=58"},"modified":"2023-02-08T20:45:15","modified_gmt":"2023-02-08T20:45:15","slug":"kirkegardsporten","status":"publish","type":"page","link":"http:\/\/tingvoll.net\/kirka\/kirkegardsporten\/","title":{"rendered":"Kirkeg\u00e5rdsporten"},"content":{"rendered":"\n<p><\/p>\n\n\n\n<div class=\"wp-block-media-text alignwide is-stacked-on-mobile\"><figure class=\"wp-block-media-text__media\"><img loading=\"lazy\" decoding=\"async\" width=\"538\" height=\"375\" src=\"https:\/\/tingvoll.net\/kirka\/wp-content\/uploads\/2023\/02\/port.jpg\" alt=\"\" class=\"wp-image-59 size-full\" srcset=\"http:\/\/tingvoll.net\/kirka\/wp-content\/uploads\/2023\/02\/port.jpg 538w, http:\/\/tingvoll.net\/kirka\/wp-content\/uploads\/2023\/02\/port-300x209.jpg 300w\" sizes=\"auto, (max-width: 538px) 100vw, 538px\" \/><\/figure><div class=\"wp-block-media-text__content\">\n<p>Kirkeg\u00e5rdsporten slik han n\u00e5 fremst\u00e5r, er fra 1929. Marmorstenene er fra kor\u00e5pningen inne i kirken (kord\u00f8ren). Den gamel kord\u00f8ren var 1 m h\u00f8yere enn porten her, men ikke bredere.<\/p>\n<\/div><\/div>\n","protected":false},"excerpt":{"rendered":"<p>Kirkeg\u00e5rdsporten slik han n\u00e5 fremst\u00e5r, er fra 1929. Marmorstenene er fra kor\u00e5pningen inne i kirken (kord\u00f8ren). Den gamel kord\u00f8ren var 1 m h\u00f8yere enn porten her, men ikke bredere.<\/p>\n","protected":false},"author":1,"featured_media":0,"parent":0,"menu_order":0,"comment_status":"closed","ping_status":"closed","template":"","meta":{"footnotes":""},"class_list":["post-58","page","type-page","status-publish"],"_links":{"self":[{"href":"http:\/\/tingvoll.net\/kirka\/wp-json\/wp\/v2\/pages\/58","targetHints":{"allow":["GET"]}}],"collection":[{"href":"http:\/\/tingvoll.net\/kirka\/wp-json\/wp\/v2\/pages"}],"about":[{"href":"http:\/\/tingvoll.net\/kirka\/wp-json\/wp\/v2\/types\/page"}],"author":[{"embeddable":true,"href":"http:\/\/tingvoll.net\/kirka\/wp-json\/wp\/v2\/users\/1"}],"replies":[{"embeddable":true,"href":"http:\/\/tingvoll.net\/kirka\/wp-json\/wp\/v2\/comments?post=58"}],"version-history":[{"count":3,"href":"http:\/\/tingvoll.net\/kirka\/wp-json\/wp\/v2\/pages\/58\/revisions"}],"predecessor-version":[{"id":93,"href":"http:\/\/tingvoll.net\/kirka\/wp-json\/wp\/v2\/pages\/58\/revisions\/93"}],"wp:attachment":[{"href":"http:\/\/tingvoll.net\/kirka\/wp-json\/wp\/v2\/media?parent=58"}],"curies":[{"name":"wp","href":"https:\/\/api.w.org\/{rel}","templated":true}]}}