{"id":396,"date":"2022-03-26T13:41:35","date_gmt":"2022-03-26T13:41:35","guid":{"rendered":"https:\/\/tingvoll.net\/new\/?page_id=396"},"modified":"2023-02-25T12:41:25","modified_gmt":"2023-02-25T11:41:25","slug":"trafikk-kamera","status":"publish","type":"page","link":"https:\/\/tingvoll.net\/index.php\/trafikk-kamera\/","title":{"rendered":"Trafikk kamera"},"content":{"rendered":"<p><span style=\"font-size: 14pt;\"><strong>Kanestraum kai<\/strong><\/span><br \/>\n<img loading=\"lazy\" decoding=\"async\" class=\"alignnone size-medium\" src=\"https:\/\/webkamera.atlas.vegvesen.no\/public\/kamera?id=3000032_1&amp;t=1677324737140\" width=\"800\" height=\"450\" \/><\/p>\n<p><span style=\"font-size: 14pt;\"><strong>Gjemnessundbrua<\/strong><\/span><br \/>\n<img loading=\"lazy\" decoding=\"async\" class=\"alignnone size-medium\" src=\"https:\/\/webkamera.atlas.vegvesen.no\/public\/kamera?id=1529025_1&amp;t=1677324777289\" width=\"704\" height=\"576\" \/><\/p>\n<p><span style=\"font-size: 14pt;\"><strong>Rensvik<\/strong><\/span>:<br \/>\n<img decoding=\"async\" src=\"https:\/\/www.vegvesen.no\/public\/webkamera\/kamera?id=418074&amp;_=1547513871440\" alt=\"\" width=\"650\" \/><img loading=\"lazy\" decoding=\"async\" class=\"alignnone size-medium\" src=\"https:\/\/webkamera.atlas.vegvesen.no\/public\/kamera?id=1529003_1&amp;t=1677324811047\" width=\"704\" height=\"576\" \/><\/p>\n<p><span style=\"font-size: 14pt;\"><strong>Fursetfjellet<\/strong><\/span>:<br \/>\n<img loading=\"lazy\" decoding=\"async\" class=\"alignnone size-medium\" src=\"https:\/\/webkamera.atlas.vegvesen.no\/public\/kamera?id=1529013_1&amp;t=1677324610208\" width=\"704\" height=\"576\" \/><\/p>\n<p><span style=\"font-size: 14pt;\"><strong>Molde Fergekai<\/strong><\/span><br \/>\n<img loading=\"lazy\" decoding=\"async\" class=\"alignnone size-medium\" src=\"https:\/\/webkamera.atlas.vegvesen.no\/public\/kamera?id=3000033_1&amp;t=1677324866995\" width=\"800\" height=\"450\" \/><\/p>\n<p><span style=\"font-size: 14pt;\"><strong>Tresfjordbrua<\/strong><\/span><br \/>\n<img loading=\"lazy\" decoding=\"async\" src=\"https:\/\/www.vegvesen.no\/public\/webkamera\/kamera?id=1107703&amp;_=1557854387166\" alt=\"\" width=\"650\" height=\"532\" \/><img loading=\"lazy\" decoding=\"async\" class=\"alignnone size-medium\" src=\"https:\/\/webkamera.atlas.vegvesen.no\/public\/kamera?id=1529022_1&amp;t=1677324904744\" width=\"704\" height=\"576\" \/><\/p>\n<p><span style=\"font-size: 14pt;\"><strong>\u00d8rskogfjellet<\/strong><\/span><br \/>\n<img loading=\"lazy\" decoding=\"async\" class=\"alignnone\" src=\"https:\/\/webkamera.atlas.vegvesen.no\/public\/kamera?id=1529008_1&amp;t=1677324929426\" alt=\"\" width=\"800\" height=\"600\" \/><\/p>\n<p><span style=\"font-size: 14pt;\"><strong>Eids\u00f8ra<\/strong><\/span><br \/>\n<img loading=\"lazy\" decoding=\"async\" class=\"alignnone size-medium\" src=\"https:\/\/webkamera.atlas.vegvesen.no\/public\/kamera?id=1529014_1&amp;t=1677324965041\" width=\"704\" height=\"576\" \/><\/p>\n<p><span style=\"font-size: 14pt;\"><strong>Gr\u00e5ura<\/strong><\/span><br \/>\n<img loading=\"lazy\" decoding=\"async\" class=\"alignnone size-medium\" src=\"https:\/\/webkamera.atlas.vegvesen.no\/public\/kamera?id=1629018_1&amp;t=1677324993507\" width=\"704\" height=\"576\" \/><\/p>\n<p><span style=\"font-size: 14pt;\"><strong>Oppdal<\/strong><\/span><br \/>\n<img loading=\"lazy\" decoding=\"async\" class=\"alignnone size-medium\" src=\"https:\/\/webkamera.atlas.vegvesen.no\/public\/kamera?id=1629007_1&amp;t=1677325014164\" width=\"800\" height=\"450\" \/><\/p>\n<p><span style=\"font-size: 14pt;\"><strong>Hjerkinn<\/strong><\/span><br \/>\n<img loading=\"lazy\" decoding=\"async\" class=\"alignnone size-medium\" src=\"https:\/\/webkamera.atlas.vegvesen.no\/public\/kamera?id=0529006_1&amp;t=1677325040689\" width=\"800\" height=\"600\" \/><\/p>\n<p><span style=\"font-size: 14pt;\"><strong>Vals\u00f8yfjorden<\/strong><\/span><br \/>\n<img loading=\"lazy\" decoding=\"async\" class=\"alignnone size-medium\" src=\"https:\/\/webkamera.atlas.vegvesen.no\/public\/kamera?id=1529024_1&amp;t=1677325077808\" width=\"704\" height=\"576\" \/><\/p>\n<p><span style=\"font-size: 14pt;\"><strong>Hemnkj\u00f8len<\/strong><\/span><br \/>\n<img loading=\"lazy\" decoding=\"async\" class=\"alignnone size-medium\" src=\"https:\/\/webkamera.atlas.vegvesen.no\/public\/kamera?id=1629024_1&amp;t=1677325101476\" width=\"704\" height=\"576\" \/><img loading=\"lazy\" decoding=\"async\" src=\"https:\/\/www.vegvesen.no\/public\/webkamera\/kamera?id=562205&amp;_=1557854238958\" alt=\"\" width=\"650\" height=\"532\" \/><\/p>\n<p><span style=\"font-size: 14pt;\"><strong>Rindalsskogen<\/strong><\/span><br \/>\n<img loading=\"lazy\" decoding=\"async\" src=\"https:\/\/www.vegvesen.no\/public\/webkamera\/kamera?id=756836&amp;_=1557854318465\" alt=\"\" width=\"650\" height=\"532\" \/><img loading=\"lazy\" decoding=\"async\" class=\"alignnone size-medium\" src=\"https:\/\/webkamera.atlas.vegvesen.no\/public\/kamera?id=1529017_1&amp;t=1677325128471\" width=\"704\" height=\"576\" \/><\/p>\n<p><span style=\"font-size: 14pt;\"><strong>Horgheim, Romsdalen<\/strong><\/span><br \/>\n<img loading=\"lazy\" decoding=\"async\" src=\"https:\/\/www.vegvesen.no\/public\/webkamera\/kamera?id=109055&amp;_=1557854470846\" alt=\"\" width=\"640\" height=\"480\" \/><img loading=\"lazy\" decoding=\"async\" class=\"alignnone size-medium\" src=\"https:\/\/webkamera.atlas.vegvesen.no\/public\/kamera?id=1529006_1&amp;t=1677325172456\" width=\"800\" height=\"600\" \/><\/p>\n<p><span style=\"font-size: 14pt;\"><strong>Bjorli:\u00a0<\/strong><\/span><br \/>\n<img loading=\"lazy\" decoding=\"async\" src=\"https:\/\/www.vegvesen.no\/public\/webkamera\/kamera?id=109054&amp;_=1557854743957\" alt=\"\" width=\"650\" height=\"532\" \/><img loading=\"lazy\" decoding=\"async\" class=\"alignnone size-medium\" src=\"https:\/\/webkamera.atlas.vegvesen.no\/public\/kamera?id=3000592_2&amp;t=1677325222814\" width=\"800\" height=\"600\" \/><\/p>\n<p><span style=\"font-size: 14pt;\"><strong>Lora<\/strong><\/span>:<br \/>\n<img loading=\"lazy\" decoding=\"async\" class=\"alignnone size-medium\" src=\"https:\/\/webkamera.atlas.vegvesen.no\/public\/kamera?id=0529014_1&amp;t=1677325259821\" width=\"800\" height=\"600\" \/><img loading=\"lazy\" decoding=\"async\" src=\"https:\/\/www.vegvesen.no\/public\/webkamera\/kamera?id=109028&amp;_=1557854829317\" alt=\"\" width=\"650\" height=\"488\" \/><\/p>\n<p>Alle kamera er hentet fra <a href=\"https:\/\/www.vegvesen.no\/Trafikkbeta\/?lat=63.96423&amp;long=10.97340&amp;zoom=3&amp;listView=false\" target=\"_blank\" rel=\"noopener noreferrer\">Statens Vegvesen <\/a>sine trafikksider.<\/p>\n<p>&nbsp;<\/p>\n","protected":false},"excerpt":{"rendered":"<p>Kanestraum kai Gjemnessundbrua Rensvik: Fursetfjellet: Molde Fergekai Tresfjordbrua \u00d8rskogfjellet Eids\u00f8ra Gr\u00e5ura Oppdal Hjerkinn Vals\u00f8yfjorden Hemnkj\u00f8len Rindalsskogen Horgheim, Romsdalen Bjorli:\u00a0 Lora: Alle kamera er hentet fra Statens Vegvesen sine trafikksider. &nbsp;<\/p>\n","protected":false},"author":10,"featured_media":0,"parent":0,"menu_order":0,"comment_status":"closed","ping_status":"closed","template":"","meta":{"footnotes":""},"class_list":["post-396","page","type-page","status-publish"],"_links":{"self":[{"href":"https:\/\/tingvoll.net\/index.php\/wp-json\/wp\/v2\/pages\/396","targetHints":{"allow":["GET"]}}],"collection":[{"href":"https:\/\/tingvoll.net\/index.php\/wp-json\/wp\/v2\/pages"}],"about":[{"href":"https:\/\/tingvoll.net\/index.php\/wp-json\/wp\/v2\/types\/page"}],"author":[{"embeddable":true,"href":"https:\/\/tingvoll.net\/index.php\/wp-json\/wp\/v2\/users\/10"}],"replies":[{"embeddable":true,"href":"https:\/\/tingvoll.net\/index.php\/wp-json\/wp\/v2\/comments?post=396"}],"version-history":[{"count":0,"href":"https:\/\/tingvoll.net\/index.php\/wp-json\/wp\/v2\/pages\/396\/revisions"}],"wp:attachment":[{"href":"https:\/\/tingvoll.net\/index.php\/wp-json\/wp\/v2\/media?parent=396"}],"curies":[{"name":"wp","href":"https:\/\/api.w.org\/{rel}","templated":true}]}}