{"id":244,"date":"2023-02-09T14:05:04","date_gmt":"2023-02-09T14:05:04","guid":{"rendered":"http:\/\/tingvoll.net\/kirka\/?page_id=244"},"modified":"2023-02-09T14:05:05","modified_gmt":"2023-02-09T14:05:05","slug":"hans-nielsen-tausan","status":"publish","type":"page","link":"https:\/\/tingvoll.net\/kirka\/hans-nielsen-tausan\/","title":{"rendered":"Hans Nielsen Tausan"},"content":{"rendered":"\n<div class=\"wp-block-media-text alignwide is-stacked-on-mobile\"><figure class=\"wp-block-media-text__media\"><img loading=\"lazy\" decoding=\"async\" width=\"278\" height=\"382\" src=\"https:\/\/tingvoll.net\/kirka\/wp-content\/uploads\/2023\/02\/tausan.jpg\" alt=\"\" class=\"wp-image-245 size-full\" srcset=\"https:\/\/tingvoll.net\/kirka\/wp-content\/uploads\/2023\/02\/tausan.jpg 278w, https:\/\/tingvoll.net\/kirka\/wp-content\/uploads\/2023\/02\/tausan-218x300.jpg 218w\" sizes=\"auto, (max-width: 278px) 100vw, 278px\" \/><\/figure><div class=\"wp-block-media-text__content\">\n<p>Dette er Hans Nielsen Tausan, som for 300 \u00e5r siden fullf\u00f8rte interi\u00f8ret i Tingvollkirken slik det stort sett befinner seg den dag idag. Han var kjent for stor l\u00e6rdom, stjernegransking og praktiske tiltak som saltutvinning, fellberederi, teglstensproduksjon, hagestell og en stor g\u00e5rdbruker. Han etterlot seg en buskap p\u00e5 ca 150 dyr. P\u00e5 bildet peker han mot et kranium (hodeskalle) med ordene Ecce Homo, se mennesket &#8211; det blir til st\u00f8v. <br><br>Men ut for tommelfingrene, som peker opp mot Bibelen, st\u00e5r ordene Sursum Corus som betyr; l\u00f8ft hjertene i tro p\u00e5 Guds lovnader. Det minner om dikterens ord: Menneske, husk du er st\u00f8v! Menneske husk du er mer enn st\u00f8v!<\/p>\n<\/div><\/div>\n","protected":false},"excerpt":{"rendered":"<p>Dette er Hans Nielsen Tausan, som for 300 \u00e5r siden fullf\u00f8rte interi\u00f8ret i Tingvollkirken slik det stort sett befinner seg den dag idag. Han var kjent for stor l\u00e6rdom, stjernegransking og praktiske tiltak som saltutvinning, fellberederi, teglstensproduksjon, hagestell og en stor g\u00e5rdbruker. Han etterlot seg en buskap p\u00e5 ca 150 dyr. P\u00e5 bildet peker han &#8230; <a title=\"Hans Nielsen Tausan\" class=\"read-more\" href=\"https:\/\/tingvoll.net\/kirka\/hans-nielsen-tausan\/\" aria-label=\"Read more about Hans Nielsen Tausan\">Les mer<\/a><\/p>\n","protected":false},"author":1,"featured_media":0,"parent":0,"menu_order":0,"comment_status":"closed","ping_status":"closed","template":"","meta":{"footnotes":""},"class_list":["post-244","page","type-page","status-publish"],"_links":{"self":[{"href":"https:\/\/tingvoll.net\/kirka\/wp-json\/wp\/v2\/pages\/244","targetHints":{"allow":["GET"]}}],"collection":[{"href":"https:\/\/tingvoll.net\/kirka\/wp-json\/wp\/v2\/pages"}],"about":[{"href":"https:\/\/tingvoll.net\/kirka\/wp-json\/wp\/v2\/types\/page"}],"author":[{"embeddable":true,"href":"https:\/\/tingvoll.net\/kirka\/wp-json\/wp\/v2\/users\/1"}],"replies":[{"embeddable":true,"href":"https:\/\/tingvoll.net\/kirka\/wp-json\/wp\/v2\/comments?post=244"}],"version-history":[{"count":1,"href":"https:\/\/tingvoll.net\/kirka\/wp-json\/wp\/v2\/pages\/244\/revisions"}],"predecessor-version":[{"id":246,"href":"https:\/\/tingvoll.net\/kirka\/wp-json\/wp\/v2\/pages\/244\/revisions\/246"}],"wp:attachment":[{"href":"https:\/\/tingvoll.net\/kirka\/wp-json\/wp\/v2\/media?parent=244"}],"curies":[{"name":"wp","href":"https:\/\/api.w.org\/{rel}","templated":true}]}}